t v be t(a). What is the units digit of 6*(-2 + v/9)?
4
Suppose d - 227 = -d + 3*g, -3*d + 369 = 5*g. What is the tens digit of 2/(d/38 + -3)?
1
Let g = -98 + 191. Suppose -2 = 2*y, 0 = -2*i - 2*y + 5*y - g. Let w = -30 - i. What is the units digit of w?
8
Let t(h) = -83*h**3 + 4*h**2 + 4*h + 1. What is the tens digit of t(-1)?
8
Let y(f) = -f + 12. What is the units digit of y(5)?
7
Let l(q) = -q**3 + 18*q**2 + 4*q - 33. What is the tens digit of l(18)?
3
Suppose z + 4*h - 272 = -3*z, 3*h - 136 = -2*z. What is the tens digit of z?
6
Let m be 6 + 0 + (-2 - -2). Suppose 3*f - 2*f - m = 0. Let l = f - 2. What is the units digit of l?
4
Suppose 172 = 5*w - w. Suppose -2*h + 17 = -w. Suppose 5*g - h = 2*g. What is the tens digit of g?
1
Suppose 3*x + 0*c - 131 = -c, -17 = -x + 5*c. What is the tens digit of x?
4
Let x(k) = -k**3 - 5*k**2 + 6*k - 1. Let z be x(-6). What is the units digit of (z + 101)*5/10?
0
Let t = 2 - -3. Suppose -t = -j - 4*j. What is the units digit of j?
1
Suppose y - 2*s - 313 = 0, 2*y - 3*s - 344 = 284. What is the units digit of y?
7
Suppose -24 = -5*s + 1. Suppose -r + g + 19 = 0, s*g + 17 - 57 = -4*r. Suppose j = 4*j - r. What is the units digit of j?
5
Let n = 10 + 15. Let w = n - 10. What is the tens digit of w?
1
Let s(t) = t**3 - 6*t**2 - 11*t - 7. What is the tens digit of s(8)?
3
Let i(n) = n**2 + 3*n + 86. What is the tens digit of i(0)?
8
Let d(a) = a**3 - 9*a**2 + 9*a - 5. Let o be d(8). Suppose 49 = o*s + v - 3*v, -4*s = 5*v - 50. What is the units digit of s?
5
Suppose 0 = 3*m + m - 88. Suppose v - m = -1. Suppose 5*a - 9 = v. What is the units digit of a?
6
Let r = -13 + 18. Suppose -n + r = -0*n. What is the units digit of n?
5
Let u(r) be the second derivative of 17*r**5/20 - r**4/6 + r**3/3 - r**2/2 - 2*r. What is the units digit of u(1)?
6
Let n(y) = -y**3 + 5*y**2 + 8*y - 2. What is the units digit of n(6)?
0
Suppose 7*h - 480 = 4*h. What is the hundreds digit of h?
1
Suppose b = 4*b. Let q be b/((-1 + 2)*-1). Suppose 0 = -q*j - 4*j + 12. What is the units digit of j?
3
Let b(g) = -23*g**3 + 2*g + 1. Let v be b(-1). Suppose 3*l - 5 - v = 0. What is the units digit of l?
9
Let k = -45 - -81. Suppose b + k = -b. Let d = -10 - b. What is the units digit of d?
8
What is the tens digit of 6 + -1 - -119*1?
2
Let p be 3/(-6)*(1 + -155). What is the tens digit of p/5 + 6/(-15)?
1
Suppose -2*f = 2 - 18. Suppose -j + f = -2*j. What is the units digit of (j/(-6))/((-1)/(-6))?
8
Suppose -m = -3*m. Suppose 3*k + 47 = -7. What is the tens digit of (-2)/(-3)*(m - k)?
1
Let n(y) = -10*y + 2 - 9*y**2 - y**3 - 9 + 1. Let d(p) = p**3 + 8*p**2 + p. Let i be d(-8). What is the units digit of n(i)?
0
Suppose 3*m - 293 = -2*p, 10*p + 390 = 4*m + 13*p. What is the units digit of m?
9
What is the units digit of 1/(((-28)/72)/(-7))?
8
Suppose -4 = -2*x - 2*x. Let u(z) = -z**2 + 3*z - 1. Let c be u(x). What is the units digit of ((3 - 6)/(-3))/c?
1
Let k(v) = -v**2 - 10*v - 5. Let n be k(-9). Suppose 4*c = n - 16. What is the units digit of c/(15/(-6) + 2)?
6
Suppose 0*f - 3*p = f - 2, -2*f - 3*p - 5 = 0. Let m = 9 + f. Suppose -4*u + m*u + 20 = 0. What is the units digit of u?
0
Let v be 3/(-9) + 61/3. Suppose g + 4*g - v = 0. What is the units digit of g?
4
Suppose 5*h - 3*h - 18 = 0. Let z(v) be the third derivative of v**6/120 - v**5/6 + 5*v**4/12 - v**3/3 - 4*v**2. What is the units digit of z(h)?
7
Suppose 5*l - 5*a - 35 = 0, 0 = -l + 3*l + 5*a + 21. What is the tens digit of (1 - 0) + 14 + l?
1
What is the units digit of 684/8 + (-1)/2?
5
Let y = -6 - -3. Let q = 3 + y. Suppose -15 = -k - k + 3*g, -g - 1 = q. What is the units digit of k?
6
Suppose -5*r + 212 = -143. What is the units digit of r?
1
Let d(y) = y**2 - 5*y - 6. Let a be d(6). Suppose -5*m + 74 = -a*l + 3*l, 3*m = 3. What is the units digit of l?
3
Let p = -38 + 19. Suppose 0 = -4*z - 33 - 95. Let r = p - z. What is the tens digit of r?
1
Let n be -12*((-9)/6 + 1). Let h be (-2)/(-3) + 25/(-15). Let c = n - h. What is the units digit of c?
7
Suppose -4*o + 0*o - 88 = 0. Let j = -15 - o. What is the units digit of j?
7
Suppose -5*a - b = 0, -5*b = -0*a - a + 26. What is the units digit of 2 + (0 - a) - -1?
2
Let k(r) = r**2 + 3*r + 4. Let t(d) = d. Let n = -1 + 0. Let v(g) = n*k(g) - 4*t(g). What is the units digit of v(-3)?
8
Suppose -40 = -4*w + 5*y, -2*w - w + 5*y = -25. What is the units digit of w?
5
Suppose 2 = 3*a - 10. Suppose 0 = 2*z - 3*c - c - 18, a*c - 77 = -3*z. What is the units digit of z?
9
Suppose -11*i = -15*i + 396. What is the units digit of i?
9
Suppose -2*f - 32 = -4*k, k - 4*f - 17 = f. Let x = 16 - k. What is the units digit of x?
9
Let i = 2 - -3. Suppose -33 - 2 = -i*p. What is the units digit of p?
7
What is the units digit of (33/4)/((-51)/(-136))?
2
Let x = -2 - 7. Let i(n) = 0 - 4 + 0*n - n. What is the units digit of i(x)?
5
Suppose f = q - 79, q - f - 70 = 3*f. What is the tens digit of q?
8
Let g(d) = 194*d**3 + 2*d**2 - d. What is the hundreds digit of g(1)?
1
Suppose -2*y = -y. Suppose h + 0*h + 2 = y, -4*h = -3*a + 44. What is the tens digit of a?
1
Let d(w) = 5*w**3 + w**2 - 6*w - 2. What is the units digit of d(3)?
4
Let r(j) = -j**3 + 7*j**2 + 11*j + 1. Let n be r(8). Suppose n + 63 = 2*f. What is the units digit of f?
4
Suppose 0 = w - 5*h - 105, -4 = h - 0. Suppose -4*l - 5*a + 4*a = -w, l - 5*a + 5 = 0. What is the units digit of (-2)/5 + 48/l?
2
Let a(b) = -b**2 + 13*b + 5. What is the units digit of a(11)?
7
Let h be (2*-4)/(-4) - 0. Suppose -h*m - 3*m - 28 = -2*a, -a + 12 = -3*m. What is the units digit of a?
4
Suppose 2*q + 0*q - 2*t = -4, -3*q + 12 = 3*t. Suppose -q = -2*h + 1. What is the units digit of h?
1
What is the units digit of 18/(-63)*(2 - 331)?
4
What is the units digit of (-4 - 58/4)*-2?
7
Let l(y) = 7*y + 3. Let f(b) = -b - 1. Let o(n) = -6*f(n) - l(n). Let j be o(5). What is the units digit of (j/4)/((-4)/8)?
1
Suppose -m + 0 = -4. Suppose -3*f = -m*f + 3. Suppose -t - v = -7, 0*t - v + 21 = f*t. What is the units digit of t?
7
Suppose -5*d + 3*z = -17, 2*z + 0*z + 7 = -d. Suppose -2*s + 5 = -d. What is the units digit of s?
3
Let h(w) = w**3 + 3*w**2 - 5*w - 1. Let f be h(-4). Suppose -y = f*y + 5*r - 28, -r = -2*y + 14. What is the units digit of y?
7
What is the hundreds digit of (16/4)/4 - (-165 + 0)?
1
Let l(t) = -t**3 + 4*t**2 - 2*t + 6. Let n be l(4). What is the units digit of (n/6)/((-4)/60)?
5
What is the tens digit of (-80)/12*(-36)/10?
2
Suppose 0 = -3*t - 0*h + 5*h, -5*t + h = 0. Let g = 33 + t. Suppose n - 4*n = -g. What is the tens digit of n?
1
Let j(y) = 0*y - y - 2*y + 2*y. What is the units digit of j(-13)?
3
Let m(j) = -j - 3. Let a be m(-4). Suppose -3*u + 14 = -a. Suppose 0 = 4*c - 3*k + 7, c - u*k + 19 = -2*c. What is the units digit of c?
2
What is the units digit of (1/(-4))/(7/(-28))?
1
Suppose 0*p - 72 = -4*p. Suppose p = 2*l - 8. What is the tens digit of l?
1
Suppose 1 - 7 = -3*q. Suppose -q*r + 3*r - 7 = 3*h, -2*r - 4*h = -4. Suppose -2 = r*z - 22. What is the units digit of z?
5
Let j = -10 - -15. Suppose -q = j*c - 6, 4*q - 38 = c + 49. What is the units digit of q?
1
Let g(x) = 2*x - 5. What is the units digit of g(5)?
5
What is the units digit of (-1)/4 + 90/8?
1
Suppose -2*k + 2*z + 1743 = 3*k, -2*z = -3*k + 1045. What is the units digit of k?
9
Suppose 5*i - 785 - 730 = 0. Let n = i + -147. What is the units digit of n/27 - (-2)/9?
6
Let y = 62 + -36. What is the units digit of y?
6
Let q = 11 + -9. Let m(b) = -b + 9. Let w be m(6). Suppose -q*l + 10 = w*l. What is the units digit of l?
2
What is the tens digit of (-21)/14 - (-282)/4?
6
Suppose 0 = 2*o - 0*o + 82. Let x = 10 + -14. What is the tens digit of o/x - (-6)/8?
1
Suppose 3*m - 5*w + 10 = 4*m, 0 = 3*w. What is the units digit of ((-24)/m)/(2/(-5))?
6
Let u = 19 + -14. What is the units digit of (u/(-15))/((-1)/6)?
2
What is the tens digit of (-4)/14 - (-726)/42?
1
Suppose 5*w - 12 = 2*w. Let d(b) = w*b - 1 + 3*b - 6*b - 9. What is the units digit of d(11)?
1
Let o(w) = -w**3 - 3*w**2 + w - 3. Let z be o(-3). What is the units digit of (-3)/(-9) - 40/z?
7
Let d be 6/3 + 4 - 3. Suppose -26 = -5*l + 3*m, -4*m + 0*m + 19 = l. Suppose 0 = -2*r - l - d, -3*r = 2*a - 1. What is the units digit of a?
8
Let j(z)